 Calculate the remainder when v is divided by s.
9
Let q(r) = -r**2 + 7*r. Suppose -3 = x - 2. Calculate the remainder when (29/4)/(x/(-4)) is divided by q(5).
9
Suppose 3*u - 5*i - 76 = -9, 2*i + 38 = 2*u. What is the remainder when 39 is divided by u?
11
Let t = -330 - -906. Calculate the remainder when 73 is divided by t/30 - (-1)/(-5).
16
Let z(s) = 2*s**2 + 149*s - 148*s + 0*s**2 - 2 - s**3. What is the remainder when z(-2) is divided by 4?
0
Let u(g) be the first derivative of 1/2*g**2 + 0*g**3 + 9/4*g**4 - 3 - g. Calculate the remainder when 17 is divided by u(1).
8
Let g(m) = -9*m - 12. Let w(u) = u + 1. Let b(t) = g(t) + 6*w(t). Calculate the remainder when 9 is divided by b(-4).
3
Suppose 4*v - 24 = 4*s, -17 = -4*v - 4*s + s. Calculate the remainder when v + -4 + 1 - -20 is divided by 12.
10
Calculate the remainder when 36 is divided by 2/((-12)/(-30))*26/10.
10
Let v = 26 - 20. What is the remainder when 17 is divided by v?
5
What is the remainder when -1 - 2/2*-55 is divided by 19?
16
What is the remainder when (-4)/(-4) + -1 + 38 is divided by 8?
6
Let j = 40 - 23. Suppose -y + 46 = 14. What is the remainder when y is divided by j?
15
Let f = 6 - 6. Suppose f = 3*t + 15, -3*b - b + 3*t = -131. Calculate the remainder when b is divided by 8.
5
Let o = 20 + -9. Calculate the remainder when 32 is divided by o.
10
Suppose -4*d = 2*k - 22, -3 - 1 = -4*k. Suppose 3*t = 2*t + 2*a - 8, 3*t - 16 = -2*a. Calculate the remainder when d is divided by t.
1
Let m = 17 - -30. Let h = -20 + 4. Calculate the remainder when m is divided by (h/(-5))/((-1)/(-5)).
15
Let s = 8 - 17. Let c = -71 + 77. What is the remainder when 15/(-12)*(s + 1) is divided by c?
4
Let i = -10 - -27. Let w(c) = 6*c**2 + c + 1. Let f be w(-4). Let u = f - 61. Calculate the remainder when u is divided by i.
15
Suppose 141 = 4*u + 5*b, -4*u + 4*b + 118 = 22. What is the remainder when u is divided by 17?
12
Suppose 0 = -4*q - 20, 0 = -2*o + o - 4*q - 11. Calculate the remainder when 44 is divided by o.
8
Suppose -2 - 8 = -5*w. Suppose -16 + 3 = -3*u - 5*j, -j = -w*u + 13. What is the remainder when 23 is divided by u?
5
Suppose 2*s - 6*s = 152. Let a be s/(-4) - (-3)/(-6). Suppose -2 = b - a. Calculate the remainder when 19 is divided by b.
5
Suppose 2*a = 2*y + 5*a + 4, 5*a = -4*y - 8. Let h(z) = -4*z**3 - z**2 + 2*z + 2. What is the remainder when h(y) is divided by 9?
8
Suppose -4*g + g + 168 = 0. Let v = g + -40. Let q = -14 - -20. Calculate the remainder when v is divided by q.
4
Let u = 16 - -49. Calculate the remainder when u is divided by 14.
9
Suppose 0 = 3*l - 2*l + 4*m + 4, -10 = -5*l - 5*m. Suppose -l*c - f = -3*f - 20, 4*f - 20 = -2*c. Calculate the remainder when 22 is divided by c.
4
Let u(j) = -j + 6. Suppose 3*o + 5*y + 14 = 2*o, 8 = -o + y. Calculate the remainder when (129/(-12))/((-1)/4) is divided by u(o).
13
Let x(u) = u**3 - 7*u**2 - 5*u + 7. Let c be x(8). Let p = c - 16. What is the remainder when 62 is divided by (-140)/(-8)*18/p?
20
Let x = 20 + -31. Let h = x - -21. Suppose -2*o + 3*o - 23 = 2*m, -2*o = -5*m - 49. Calculate the remainder when o is divided by h.
7
Let o = -40 + 63. Let a = 97 - o. Let s = a + -43. Calculate the remainder when s is divided by 11.
9
Let l(q) = q**3 - 15*q**2 + 19*q - 17. What is the remainder when l(14) is divided by 11?
9
Let l be 1*-1 - (-6 + 0). Suppose -10 = -d - 2*x, 1 + l = d - 2*x. Calculate the remainder when 14 is divided by d.
6
Suppose -2*s = -z + 7, -3*s - 6 = -6*s. Suppose -71 = -5*b - z. Suppose -4*i + 147 = 7. Calculate the remainder when i is divided by b.
11
Let w(m) be the third derivative of 3*m**5/10 - m**4/24 + 2*m**2. Calculate the remainder when 36 is divided by w(-1).
17
Let d = 177 - 125. Calculate the remainder when d is divided by 27.
25
Suppose 0 = -y - 1, -2*y - 2*y + 26 = -5*s. Calculate the remainder when 19 is divided by 14/4 - 9/s.
4
Let o be ((-1)/(-2))/(1/4). Let z(k) = 12*k - 3. Calculate the remainder when 40 is divided by z(o).
19
Suppose -93 = -3*k - 2*h, 8*k - 90 = 5*k - 3*h. Let n(a) = a**3 + 6*a**2 + a - 2. What is the remainder when k is divided by n(-5)?
15
Suppose -3*z - 2*z = w - 64, -12 = -3*w. Let t = 0 + z. What is the remainder when t is divided by 7?
5
Calculate the remainder when 24 is divided by (-4)/(-12)*3 + 8.
6
Suppose 0 = 4*m - 3*m - 3*d - 8, -3*d = 4*m - 2. Calculate the remainder when 6 is divided by m.
0
Let f(y) = -5*y - 2. Calculate the remainder when 29 is divided by f(-2).
5
Let w = 10 - 10. Suppose 6 = g - k, -k + 54 = -w*g + 5*g. What is the remainder when g is divided by 4?
2
Let t = -20 + 38. Calculate the remainder when 5 - 3 - (150 - 0)/(-3) is divided by t.
16
Let z = -93 - -151. Suppose -4*o = -0*o + 2*d - z, -4*d = 3*o - 31. Calculate the remainder when 32 is divided by o.
15
Suppose -4*t - 4*b = -9*b - 31, 2*b = -2*t + 2. Calculate the remainder when 0 + 2 - (-15 + 1 + 6) is divided by t.
2
Suppose 4 = -g - g - 2*w, 0 = 5*g + 3*w. Suppose -d - 4*z + 8 = -g*z, -2*z = d - 10. Calculate the remainder when 11 is divided by d.
5
Suppose -2*c + 24 = 6*c. Let w be 6*(-2)/(4/3). What is the remainder when (-2)/w + (-34)/(-9) is divided by c?
1
Let d = -141 + 153. What is the remainder when d is divided by 9?
3
Let d = 15 - 9. Suppose 0 = 2*z - 3*z - 2, 4*z + 23 = l. Calculate the remainder when l is divided by d.
3
Suppose w - 120 = -4*w. Let h = w - 10. What is the remainder when ((-140)/(-21))/(1/6) is divided by h?
12
Let v be (-9)/(-1*3) - 1. Let w(l) = v*l - l - 2 + 3. What is the remainder when w(4) is divided by 3?
2
Let b(m) = 83*m**2 - 3*m + 3. What is the remainder when b(1) is divided by 17?
15
Suppose 3*s - 48 = 4*w, w - 3*w + 46 = 2*s. Suppose -2*k = -5*f + 4, 3*k + 3*f + 9 = 8*k. Suppose -q + s = k. Calculate the remainder when 50 is divided by q.
16
Suppose -1 = -4*o + q + 4, -4*o + 5*q = -25. Suppose o = -3*r + 28 + 8. What is the remainder when r is divided by 7?
5
Let j(p) = 5*p**2 + 2*p - 2. What is the remainder when j(-4) is divided by 24?
22
Let g(z) = 4*z**2 - z + 4. Calculate the remainder when g(3) is divided by 15.
7
Suppose 5*y - 7*a - 12 = -4*a, -5 = -3*y + 4*a. Calculate the remainder when 39 + y + (1 - 4) is divided by 10.
9
Let q(k) = -4 - 4*k - 1 - 1. What is the remainder when q(-7) is divided by 8?
6
Let p be (-2)/1*1*-1. Let r be -261 - (p + -2 + 0). Calculate the remainder when r/(-6)*(-6)/(-9) is divided by 10.
9
Suppose 3*n - 2*n = 3*j - 58, -2*n = -5*j + 98. Suppose 4*v = v + j. What is the remainder when 22 is divided by v?
4
Let r be -1 + 5/1 - 0. Suppose 0 = d - 24 - r. Calculate the remainder when d is divided by 11 - -1*(2 - 3).
8
Suppose -5*d + 2*m = -119, 4*d - 2*m = 3*m + 102. Calculate the remainder when (-9)/(36/(-376)) - 4 is divided by d.
21
Let f = 7 - 3. Calculate the remainder when f is divided by 3.
1
Suppose 5*z + 0*z = 75. Calculate the remainder when 40 is divided by z.
10
Suppose -5*u = -70 - 20. Let s = 156 + -123. What is the remainder when s is divided by u?
15
Suppose 4*z + 24 = 4*r, 6*r - 14 = 3*r + 4*z. Calculate the remainder when (-17)/(-2 + 1 + 0) is divided by r.
7
Let a be 1*(-3 - (2 - 5)). Let s(p) = p**2 - p + 5. What is the remainder when s(a) is divided by 2?
1
Suppose -g - 9 + 44 = 0. Let d(z) = -z + 12. Calculate the remainder when g is divided by d(0).
11
Let s(y) = y**3 - 6*y**2 + 2*y + 6. Suppose 2*w + 17 = -13. Calculate the remainder when s(6) is divided by 2/(((-9)/w)/3).
8
Let r(c) = c**2 - 4*c + 4. Let g(v) = 3*v**2 - 11*v + 11. Let q(p) = 4*g(p) - 11*r(p). Calculate the remainder when q(5) is divided by 13.
12
Let p(z) = z**2 - 2*z + 4. What is the remainder when 26 is divided by p(3)?
5
Suppose 4*n - 5 = 4*c + 191, 2*n + 2*c - 102 = 0. Calculate the remainder when n is divided by 13.
11
Let r(d) = d**3 - d**2 + 3*d + 5. What is the remainder when 38 is divided by r(3)?
6
Let k = -45 + 87. What is the remainder when k is divided by 11?
9
Suppose -p - p = 4*j - 24, -16 = -4*p. Suppose 6*m + 94 = 4*r + j*m, 5*m - 40 = -r. Calculate the remainder when r is divided by 14.
11
Let y = 215 + -179. What is the remainder when 98 is divided by y?
26
Let s(y) = -7*y - 2. Let r be s(-2). Let j = r - 1. Let o = -6 + j. Calculate the remainder when o is divided by 3.
2
Let w 